 divide 423998189?
True
Is 4 a factor of 5779373?
False
Is 201352365 a multiple of 2?
False
Is 100860459 a multiple of 6?
False
Does 90 divide 978202530?
True
Is 8060 a factor of 539205940?
True
Does 3544 divide 397732488?
True
Is 754220448 a multiple of 19?
False
Does 112 divide 7832611?
False
Is 20 a factor of 142102020?
True
Is 9 a factor of 1017936?
True
Does 385 divide 1403598039?
False
Is 34658352 a multiple of 72?
True
Is 3628242409 a multiple of 6611?
True
Is 371 a factor of 11808559?
True
Does 10 divide 23317030?
True
Is 2842 a factor of 127860632?
False
Is 1375 a factor of 15762834?
False
Does 29 divide 7202440?
True
Does 311 divide 2381997516?
True
Does 139 divide 32084824?
False
Is 24321855 a multiple of 15?
True
Is 19 a factor of 224739108?
False
Is 34 a factor of 37850017?
False
Is 26308973 a multiple of 621?
False
Is 15136221 a multiple of 8?
False
Does 14562 divide 3591527994?
True
Is 2987970 a multiple of 28?
False
Is 7 a factor of 111691433?
True
Is 159196551 a multiple of 3059?
False
Is 72 a factor of 465841758?
False
Is 13 a factor of 30123343?
False
Is 15 a factor of 18070451?
False
Does 126 divide 648288144?
True
Does 18 divide 624643214?
False
Does 36 divide 1324093968?
True
Does 807 divide 3294318453?
True
Is 204 a factor of 3010074?
False
Is 23 a factor of 15503258?
False
Is 245299480 a multiple of 30?
False
Is 56 a factor of 15689444?
False
Is 61639655 a multiple of 161?
True
Is 252 a factor of 27471780?
True
Does 67 divide 59855771?
False
Is 45 a factor of 103821795?
True
Is 17 a factor of 464643796?
True
Is 36015056 a multiple of 1271?
True
Does 14 divide 29229309?
False
Is 682 a factor of 54484856?
False
Is 2 a factor of 93601147?
False
Is 2061 a factor of 722965824?
True
Does 99 divide 39037383?
True
Is 621 a factor of 514951830?
True
Is 87177987 a multiple of 13?
True
Is 913796 a multiple of 2746?
False
Is 76 a factor of 5628464?
False
Does 30 divide 6315273?
False
Does 22 divide 61946478?
True
Is 417106 a multiple of 3?
False
Does 1002 divide 16822986?
False
Is 1252302 a multiple of 1563?
False
Is 3946299616 a multiple of 14?
True
Does 80 divide 314484640?
True
Is 4 a factor of 39376935?
False
Does 403 divide 26176059?
True
Is 4585 a factor of 103503649?
False
Is 30 a factor of 1445786700?
True
Does 1203 divide 38491188?
True
Is 78058643 a multiple of 13?
True
Is 4175982 a multiple of 27?
True
Does 83 divide 3859951?
False
Is 29 a factor of 1604164?
True
Does 32 divide 544954251?
False
Does 5031 divide 833490801?
True
Is 10 a factor of 58814437?
False
Is 10850814 a multiple of 3042?
True
Is 54 a factor of 4672557573?
False
Is 18207954 a multiple of 27?
False
Is 908084988 a multiple of 4?
True
Does 218 divide 405185610?
False
Is 65388210 a multiple of 17?
False
Is 211 a factor of 79210783?
False
Is 762 a factor of 1280109018?
False
Is 6 a factor of 54496572?
True
Is 12 a factor of 1803921696?
True
Is 4 a factor of 73287913?
False
Is 46484767 a multiple of 3?
False
Does 46 divide 5303222?
False
Is 15 a factor of 625707475?
False
Is 50 a factor of 415165700?
True
Is 25 a factor of 180206500?
True
Is 59820233 a multiple of 19?
False
Is 1242 a factor of 12822408?
True
Is 54 a factor of 35109342?
True
Is 860763804 a multiple of 1429?
False
Is 1119837464 a multiple of 4166?
True
Does 219 divide 2489478420?
False
Does 308 divide 78055608?
False
Is 9 a factor of 141642155?
False
Is 147347864 a multiple of 3044?
True
Does 137 divide 10365283?
True
Is 2387 a factor of 82518590?
True
Is 111590700 a multiple of 51?
False
Is 698 a factor of 660854752?
False
Is 8 a factor of 37024524?
False
Does 7 divide 187647496?
False
Does 824 divide 652202622?
False
Is 1697632452 a multiple of 36?
True
Does 330 divide 143875710?
True
Is 1088 a factor of 22906162?
False
Is 110253957 a multiple of 35?
False
Is 331058750 a multiple of 10?
True
Is 746407009 a multiple of 1431?
False
Does 2806 divide 5127353292?
True
Does 743 divide 54227679?
False
Is 379 a factor of 1007304305?
True
Is 9937201 a multiple of 6?
False
Does 4 divide 622007435?
False
Is 123321536 a multiple of 1088?
True
Does 325 divide 236676375?
True
Does 256 divide 31191040?
True
Is 16 a factor of 20261826?
False
Does 3 divide 5840658?
True
Is 806 a factor of 49623808?
True
Does 90 divide 721492650?
True
Does 9755 divide 203742930?
True
Does 998 divide 35603380?
False
Is 1679578452 a multiple of 387?
True
Is 958050859 a multiple of 63?
False
Is 5830400 a multiple of 25?
True
Is 14379280 a multiple of 40?
True
Is 18028560 a multiple of 30?
True
Does 11 divide 195285948?
True
Is 56 a factor of 21554?
False
Is 201 a factor of 7875250?
False
Does 6 divide 14636010?
True
Is 218 a factor of 2084080?
True
Does 6289 divide 31262619?
True
Does 87 divide 628159?
False
Is 107731380 a multiple of 170?
True
Does 37 divide 353129961?
True
Is 192615540 a multiple of 82?
True
Is 3496654 a multiple of 3?
False
Is 11111148 a multiple of 20?
False
Is 143375295 a multiple of 21?
True
Does 9 divide 1740130672?
False
Is 178847835 a multiple of 93?
True
Is 11 a factor of 67027686?
True
Is 3484 a factor of 475492703?
False
Is 80323295 a multiple of 13?
True
Is 734 a factor of 2151188116?
True
Is 1236681766 a multiple of 461?
False
Is 61 a factor of 743687653?
False
Is 3561220 a multiple of 65?
True
Does 336 divide 1267084?
False
Does 5467 divide 554047648?
True
Does 15 divide 13886963?
False
Does 22 divide 1170552?
False
Is 5 a factor of 8541944?
False
Does 1038 divide 101782128?
True
Is 400 a factor of 3225136?
False
Does 84 divide 438676392?
True
Is 1751232676 a multiple of 327?
False
Is 101 a factor of 66314277?
True
Does 77 divide 523570047?
True
Is 223 a factor of 110975887?
False
Is 2 a factor of 72864406?
True
Is 1219 a factor of 611979446?
True
Is 35105896 a multiple of 37?
True
Is 22 a factor of 12887414?
False
Does 227 divide 21498407?
False
Does 114 divide 296416188?
True
Is 111561744 a multiple of 84?
True
Does 2750 divide 329652561?
False
Is 135944457 a multiple of 1419?
True
Is 253 a factor of 120887701?
True
Does 6 divide 132673220?
False
Is 43307820 a multiple of 18?
True
Is 402 a factor of 3253456?
False
Does 15 divide 158438835?
True
Is 9006 a factor of 2117805930?
True
Is 1400136862 a multiple of 3?
False
Does 700 divide 1270179400?
True
Is 545 a factor of 491164429?
False
Is 1680 a factor of 462321081?
False
Is 4 a factor of 46874747?
False
Does 335 divide 2018779845?
False
Is 1318771 a multiple of 20?
False
Is 506 a factor of 1649560?
True
Is 14496376 even?
True
Is 31270735 a multiple of 629?
True
Is 267 a factor of 20529076?
False
Is 6 a factor of 2631360?
True
Is 4869703 a multiple of 4?
False
Is 205 a factor of 167951203?
False
Is 33165195 a multiple of 1329?
True
Does 186 divide 898725433?
False
Does 216 divide 30383424?
True
Is 537024320 a multiple of 26?
False
Does 127 divide 429591343?
True
Is 22023942 a multiple of 9?
False
Is 621 a factor of 36001157?
False
Does 67 divide 75300362?
True
Is 232 a factor of 49956328?
True
Does 93 divide 559218486?
True
Is 4374544 a multiple of 416?
False
Does 104 divide 407590456?
True
Does 229 divide 18527703?
True
Is 116 a factor of 6953504?
True
Does 699 divide 345036885?
True
Does 76 divide 167512512?
True
Is 26 a factor of 125039274?
False
Does 61 divide 9190633808?
True
Is 2051659886 a multiple of 203?
False
Does 9 divide 19486917?
True
Is 420144001 a multiple of 51?
False
Does 496 divide 1519282224?
True
Does 9 divide 57973950?
True
Is 5 a factor of 48152612?
False
Is 12401424 a multiple of 63?
True
Does 594 divide 538051604?
False
Does 146 divide 73708976?
True
Is 8969555 a multiple of 762?
False
Is 6 a factor of 21117714?
True
Is 770658548 a multiple of 22?
True
Is 60211826 a multiple of 3?
False
Does 1089 divide 314531860?
False
Is 1097184726 a multiple of 561?
True
Does 232 divide 95278590?
False
Is 543 a factor of 1115815688?
False
Is 35349696 a multiple of 150?
False
Is 40932864 a multiple of 1512?
True
Does 14 divide 77983876?
False
Does 2193 divide 46414845?
True
Does 26 divide 1426424530?
False
Is 159 a factor of 1099922091?
True
Does 53 divide 241663994?
True
Does 127 divide 400626881?
False
Does 5456 divide 4144664267?
False
Does 1269 divide 41675820?
False
Is 609 a factor of 16241113?
False
Is 12126250 a multiple of 